*h + 64 = -q*h - 4*z. What is the greatest common divisor of w and h?
13
Suppose 11*p - 14*p = -66. Let t = -18 - -8. Let g = t + p. What is the greatest common factor of 18 and g?
6
Let o = -92 - -116. What is the greatest common divisor of o and 6?
6
Suppose 23*p - 2424 = -354. Let h(x) = 2*x**2 + 3*x + 3. Let d be h(3). Calculate the highest common divisor of p and d.
30
Suppose -7*m = 10*m - 204. What is the highest common factor of m and 68?
4
Suppose -5*g - 5*y + 65 = 0, -4*y + 4 = 8. Calculate the greatest common divisor of 1792 and g.
14
Let n = 993 + -948. What is the highest common factor of n and 6?
3
Let h be (-1)/(-2) + 702/4. Let g(i) = -9*i + 214. Let b be g(22). What is the highest common factor of b and h?
16
Let c(f) = 63*f**2 - f + 1. Let z be (-4)/14 - (-36)/28. Let b be c(z). What is the highest common divisor of b and 7?
7
Let q(k) = -k**2 + 7*k. Let j be q(3). Let o be ((-2)/(-8))/((-1)/(-4)*-1). Let m be j*(o - -9)/2. What is the greatest common divisor of m and 6?
6
Let l = 143 - 85. Let u be ((-638)/44)/((-2)/20). Calculate the greatest common divisor of u and l.
29
Let i be -4*20/(-16)*1. Suppose j + 3*x + 99 = i*j, j - 28 = 4*x. Calculate the highest common divisor of 60 and j.
12
Let p be ((-47)/(-2) - -1)*84/49. Let m = -40 + p. Calculate the highest common factor of 22 and m.
2
Let k be 16750/(-268)*(-4)/5. Calculate the highest common factor of 2100 and k.
50
Suppose 13*w = 34*w - 126. Suppose -4*b = -b - 15. Suppose -58 = -2*s - 5*y, -b + 13 = 4*y. What is the highest common factor of w and s?
6
Let n = -4 - -3. Let b(a) = 2*a**2 - 2*a - 1. Let s be b(n). Let o(u) = 3*u. Let d be o(5). Calculate the greatest common factor of s and d.
3
Suppose 28*b = 21*b + 784. Calculate the highest common factor of b and 84.
28
Suppose 19*q = 1737 + 486. What is the greatest common divisor of 78 and q?
39
Let o(q) = -2*q + 50. Let d be o(6). Let a = d - 6. What is the highest common factor of a and 4?
4
Let g be 2/(12/9)*6. Suppose -n + g + 0 = 0. Let m(b) = 6*b + 3. Let l be m(4). What is the highest common factor of n and l?
9
Let m = 15 - 11. Let a(t) = 1 - 9*t**3 - 2*t - t + m*t + t. Let h be a(-1). Calculate the highest common factor of h and 2.
2
Suppose 64 = 4*l + 4*g, 3*g - 76 + 4 = -5*l. Calculate the greatest common divisor of 60 and l.
12
Suppose 3*a = -2*w + 7, 4 = 4*a - 3*w - 11. Suppose -125 = -3*j - 5*g - 45, -a*j + 2*g = -73. Calculate the greatest common factor of 275 and j.
25
Suppose 39*d - 29*d - 20 = 0. Let m = -60 - 36. Let r be m/(-7) - (-4)/14. What is the highest common factor of d and r?
2
Let v(p) = -4*p - 2. Let l be -2*1*2/4. Let n be v(l). Calculate the highest common factor of n and 3.
1
Suppose 3*f + 18 = 81. Suppose -s + 8*s - f = 0. Let r be (-50)/(-8) + 2/(-8). Calculate the highest common divisor of s and r.
3
Let n = 822 + -815. Calculate the highest common divisor of n and 3591.
7
Let k = -10 - -21. Let g be 2/10 - k/5. Let z be 7 - (-5 - g) - 3. What is the highest common factor of z and 63?
7
Suppose 5*u - 16 = 3*r, 3*u - 6 = 3*r - 0. Let k be (-1)/((-2)/r)*(-4160)/(-48). What is the highest common factor of k and 26?
26
Let b be 1 + (-2 - -3 - -2). Suppose m = 5*y - 29, 2*y = -b*m + 3*m - 15. Let w = -2 - m. Calculate the highest common factor of 119 and w.
17
Suppose 4*c - 4*f + 7*f - 473 = 0, 0 = 2*f - 6. What is the highest common divisor of c and 3364?
116
Suppose 3*u - 12 = 2*p - 28, 4*u = 4*p - 20. Let j be -21*1/u*50. Calculate the greatest common factor of j and 35.
35
Let u(h) = 3*h - 12. Let k be u(4). Suppose 5*z - 2*m - 14 = 35, 4*m + 8 = k. What is the greatest common factor of 3 and z?
3
Let n = 135 - 94. Let t = n - 25. Calculate the highest common divisor of t and 16.
16
Suppose -198 = -4*n + 5*c, n + 5*c - 62 = -0*n. Suppose n = q + 12. Calculate the greatest common divisor of q and 100.
20
Suppose 88 = 38*b + 12. Calculate the highest common factor of b and 134.
2
Let m = -7 - -570. Suppose -305 = -14*i + m. Calculate the highest common divisor of 93 and i.
31
Let d be 2/((2/2)/86). Suppose -74*z = -78*z + d. What is the highest common divisor of z and 172?
43
Let y(d) = -5*d - 94. Let x be y(-22). Calculate the highest common divisor of x and 64.
16
Let b(z) = 3*z - 3. Let m be b(-10). Let g = -28 - m. Suppose 2*a - 5*n - 30 = 0, n = -a - 0*n + 15. What is the greatest common divisor of a and g?
5
Let l be (-237)/(-12) - 2/(-8). Let f be (-3)/6 - (-6)/(-4). Let y be 354/12 + (-1)/f. Calculate the highest common divisor of l and y.
10
Let s = 29 - 7. Let y(i) = -8*i + 7. Let k be y(-6). Calculate the greatest common divisor of k and s.
11
Suppose 2*l - 3*p - 2746 = -5*p, 2*l = -p + 2741. What is the highest common factor of l and 27?
9
Let l(n) = 36*n - 237. Let p be l(24). Calculate the highest common factor of p and 114.
57
Let r(z) = -z**2 + 5*z + 2. Let h be r(5). Suppose -j = h, -4*g + 2*j + 70 = j. What is the greatest common divisor of 187 and g?
17
Let z = -369 - -483. What is the highest common factor of 38 and z?
38
Let w(r) = -r**3 + 8*r**2 - 3*r - 18. Let i be w(7). Calculate the highest common factor of 5 and i.
5
Let m(w) = 6*w + 82. Let i be m(-13). Suppose 4 = v + 1. Let f be 75 - 2/(v - i). Calculate the highest common factor of 11 and f.
11
Let d be (3 - 5)/10 + (-1)/(-5). Suppose d = -9*n + 166 + 158. Calculate the highest common factor of 252 and n.
36
Suppose 4 = -2*l + 36. Let p be (6/(-2*(-6)/l))/2. Calculate the greatest common divisor of p and 1.
1
Let d(u) = -11*u - 25. Suppose 3*x - 5*h + 14 = 0, 11 + 27 = -4*x - 3*h. Let y be d(x). What is the greatest common divisor of 18 and y?
9
Let t(y) = y**2 + 10*y + 15. Let p be t(0). Calculate the highest common factor of 285 and p.
15
Let n = -5 - -7. Let w be n/(-9) - 16/(-72). Let c = w + 112. Calculate the greatest common factor of 16 and c.
16
Suppose -5*c = -3823 + 138. Calculate the greatest common divisor of 67 and c.
67
Let i(m) = -m**3 + 3*m**2 - m. Let y be i(3). Let a be ((-21)/14)/(y/40). Calculate the highest common divisor of a and 30.
10
Let v = -1128 - -2208. What is the highest common factor of 225 and v?
45
Let i be 2107/7 + -2 - 4. Calculate the highest common divisor of i and 59.
59
Let m(t) = t - 2. Let q(u) = -4*u + 7. Let c(w) = 11*m(w) + 4*q(w). Let s be c(-6). Suppose 7*p - 72 = 4*p. What is the greatest common divisor of p and s?
12
Let d = 408 - 166. Calculate the greatest common divisor of d and 44.
22
Suppose 4*x - 28 = -4*s, 2*x - 5*s + 15 = -3*x. Let f be (-5)/3*(-6)/1. What is the highest common divisor of x and f?
2
Let k be (-3 - -83)/(1 - (3 + -4)). Let m = -6 + 11. Suppose 270 + 30 = m*v. What is the highest common divisor of k and v?
20
Suppose 3*j + 4*z + 7 = 0, 2*j + 2*z = -2*z - 2. Let c(l) = -l**2 - 4*l + 7. Let t be c(j). Calculate the greatest common factor of t and 5.
1
Suppose 5*y - 2260 = 5*o, o - y = 2*y - 454. Let t = o + 637. Let h = t - 122. What is the highest common divisor of h and 8?
8
Let p(u) = u**3 - 6*u**2 + 2*u - 2. Let s = 29 - 23. Let c be p(s). What is the greatest common divisor of c and 90?
10
Let t(z) = 9*z**2. Let f be t(4). Suppose 2517*c - 2537*c + 360 = 0. Calculate the greatest common factor of c and f.
18
Let g = -56 - -120. Suppose g = 2*w + 4*a - 128, w + 4*a = 92. Calculate the greatest common factor of 25 and w.
25
Let k(u) = 39*u**2 - 159*u + 15. Let c be k(5). What is the highest common divisor of 105 and c?
15
Let k be (0 - -1) + (7 - 1). Suppose -313 - 359 = -32*u. Calculate the highest common factor of u and k.
7
Suppose 26*j - 1022 + 330 = 608. Let k = 369 + -244. What is the greatest common factor of j and k?
25
Suppose 1240 = c + 4*c - 3*d, 0 = -4*c + 5*d + 992. Let r = c - 83. Let u(l) = 4*l - 1. Let w be u(4). Calculate the highest common divisor of w and r.
15
Suppose 4*a + j - 124 = 0, 3*j - 4 = 2*j. Calculate the highest common factor of 1470 and a.
30
Let i be 121/22*(7 - -1). Let f = i - -19. What is the highest common divisor of f and 9?
9
Let f = -42 - -21. Let l(g) = g**2 + 18*g - 27. Let k be l(f). Calculate the greatest common divisor of k and 72.
36
Let g = 224 - 92. What is the highest common divisor of g and 96?
12
Suppose -4*t + 80 + 8 = 0. Suppose t - 160 = -3*w. Calculate the highest common fac